 of -z**2/2 + 9*z + 4. What is u(r)?
0
Let x = 1719 - 1728. Let u(d) be the third derivative of -d**4/8 - 11*d**3/3 - 6*d**2. What is u(x)?
5
Let z(s) = -4*s**2 + 1. Suppose f + 435 = -5*h, h - 3*h - f = 171. Let o = h - -89. Give z(o).
-3
Suppose -109*h - 14310 = -547*h - 39*h. Let o(g) be the second derivative of -1/6*g**3 - h*g + 0 - g**2. Determine o(4).
-6
Let b(l) = 109*l + 66 - 50 - 108*l. Give b(0).
16
Suppose 63 + 42 = 35*c. Let s(n) = -19*n**2 + 12*n + 11. Let j(q) = -25*q**2 + 12*q + 12. Let i(x) = c*j(x) - 4*s(x). Calculate i(13).
5
Let j(q) = q - 7. Let u(p) = -1. Let t(n) = -2*j(n) + 11*u(n). Give t(6).
-9
Let m(k) = 76*k**2 + 54*k**2 - 129*k**2 + 52 + 4 + 20*k. What is m(-17)?
5
Let w be (102/21 - (-10 - -14))*1*-7. Let k = 9 + -4. Let p(u) = -3*u + 5*u - 3*u + k - u**2 - 5*u. Calculate p(w).
5
Let q = 301 + -121. Let a = q + -186. Let b(t) = t**3 + 6*t**2 + t + 8. Give b(a).
2
Let h(n) = -17*n + 11*n - 6 + 4*n + 4*n. Suppose -16 = -19*l + 16*l + 4*x, 5*l - 44 = -2*x. Give h(l).
10
Let z be 0 + -1 + 2 + (-5)/1. Let g(k) = -25*k - 35. Let m(h) = 7*h + 12. Let s(j) = z*g(j) - 14*m(j). Determine s(14).
0
Suppose -2389*w + 2375*w - 210 = 0. Let j(z) = -2*z**2 - 27*z + 22. Determine j(w).
-23
Let b(p) = -3*p - 4. Let j(h) be the second derivative of h**5/20 + 7*h**4/6 + 35*h**3/6 + 10*h**2 - 225*h. Let n be j(-11). Determine b(n).
2
Let h(a) = a**2 + a + 1. Let j = 22 - 21. Let r(y) = -2*y**2 - 2*y - 7. Let x(m) = j*r(m) + 3*h(m). Let f = 28 - 24. Give x(f).
16
Suppose 0 = 7*j - 3*j - 12, w = 4*j - 372. Let g be 2580/w + 1/6. Let b(l) = -l - 15. What is b(g)?
-8
Let y(s) = 39*s**2 + s - 1. Suppose 11*k = -127 + 69 + 69. Determine y(k).
39
Let f(z) = 2*z**3 - z**2 - 7*z + 2. Suppose 124*y - 75*y + 1041 = 396*y. Calculate f(y).
26
Suppose -205 = 452*r + 247. Let p(n) = 35*n - 4. Determine p(r).
-39
Let n = -8 - -14. Let b(s) = s**3 + 2*s**2 - 60*s - 20. Let v be b(7). Let o be ((-3)/v)/(5 - n). Let i(x) = -4*x + 2. Calculate i(o).
-10
Let a(n) = -n**2 + 3*n + 22. Suppose 0 = -5*i - 145*w + 140*w + 75, -21 = -i - 2*w. Calculate a(i).
-32
Let b(u) = 19 + 974554*u**2 - 82 - 974542*u**2 - 5*u + u**3. Determine b(-12).
-3
Let n be 3 + (6/(-3))/(-2). Let b(t) = -n*t + 0 + 3*t - 9 + 0*t. Let p = -43587 + 43595. Determine b(p).
-17
Let v = 18 - -113. Let d = 139 - v. Suppose -44*h = -46*h - d. Let f(g) = -g**2 - 2*g + 1. Determine f(h).
-7
Let y = 690 - 689. Let m(r) = -28*r**2 + 1. Calculate m(y).
-27
Let t(u) = 9*u - 3*u - 671121 + 671145. Determine t(-5).
-6
Let d be (-224)/36 - (-4)/18. Let a = 173 + -169. Let x(f) = 3*f**3 + 8 - 3 - 11 - f - 6*f**2 - a*f**3. Give x(d).
0
Let c(f) = -f**3 - 21*f**2 - 64*f + 7. Suppose 2*d - 42*d = 160. Calculate c(d).
-9
Let l(t) = 21*t + 365 + 41*t - 318 + t**2 - 37*t. Determine l(-23).
1
Let q(d) = 11*d**2 + 105*d - 187. Let f(y) = -13*y**2 - 124*y + 220. Let s(p) = 28*f(p) + 33*q(p). Let b = -14 + 8. Give s(b).
-5
Let i(j) = -13*j**3 - 7*j**2 + j + 26. Let y(q) = -8*q**3 - 4*q**2 + q + 17. Let l(b) = -5*i(b) + 8*y(b). Determine l(-4).
-22
Suppose 0 = -j + 3*m - 20, 5*m - 39 = -4*j - 238. Let w(n) = 2*n**3 + 83*n**2 + 43*n + 96. Give w(j).
14
Let k be (44 - 41)*(-40)/6*-1. Let i(u) = u**3 - 19*u**2 - 13*u - 7. Calculate i(k).
133
Let z(t) = -5*t - 37. Let q be ((-135)/54)/(40/(-144)). What is z(q)?
-82
Let r(d) = d**2 + 4*d + 36. Let s = -9666 - -9666. Calculate r(s).
36
Let h(v) be the second derivative of v**5/20 + 3*v**4/4 - 5*v**3/3 + v**2/2 + 2505*v. Calculate h(-10).
1
Suppose -217 = 17*u - 80 - 103. Let m(v) = 50*v + 105. Calculate m(u).
5
Let p(x) = x**3 + 6*x**2 - 6*x - 1. Let t be 4*(18/20)/(-24 - (-3042)/130). Determine p(t).
35
Let o(i) be the first derivative of -i**2 + 14*i - 34. Let z(k) = k - 5. Let p be z(0). Let g(r) = r - 7. Let n(j) = p*g(j) - 2*o(j). Determine n(8).
-1
Suppose 0 = -x + 49 - 46. Let z(m) = -6*m - x*m - 3 - 5*m - m**2 + 5*m - 2*m. What is z(-11)?
-3
Let n(o) = o**3 + o**2 + 8*o + 4. Let c = 42674 - 42676. Calculate n(c).
-16
Let q(g) = -10*g - 6*g + 15*g + 0*g + 7 + 23. Suppose 0 = 5*a - 3*w - 27, -4*a + 18 = -3*w - 6. Let o(r) = r - 30. Let j(t) = a*q(t) + 2*o(t). What is j(0)?
30
Let f(q) = -2*q**2 + 2*q - 1. Suppose 15*b = 10*b - 10. Let a be 144/48*((-2)/b + 0). Calculate f(a).
-13
Let a = 33 + -29. Let q(s) be the second derivative of 0 - 1/20*s**5 - 1/6*s**3 + 1/3*s**4 - 2*s**2 - 6*s. Determine q(a).
-8
Let s(d) = d**3 + 7*d**2 + 10*d + 7. Let t(o) = o**3 + 6*o**2 + 10*o + 8. Let h be 2 + 5 - (-76)/(-19). Let r(b) = h*s(b) - 2*t(b). What is r(-8)?
-11
Let t(q) be the second derivative of -q**3/6 - 9*q**2/2 - q. Let b = 121606 - 121614. Give t(b).
-1
Suppose -4*y + a = -26, -79*a + 71*a = 4*y - 80. Let k(o) = o**3 - 10*o**2 + 19*o - 9. Determine k(y).
15
Let d(u) = -117*u**3 + 22*u**2 + 39*u - 10. Let y(g) = -50*g**3 + 11*g**2 + 20*g - 5. Let c(f) = 3*d(f) - 7*y(f). Determine c(-8).
-3
Let n(d) = -19*d**3 - d**2 + 3*d + 1. Let a be n(-2). Suppose 4*t - 155 = -a. Let l(h) = 79*h - 3 - h**t + 83*h - 4*h**2 - 165*h. Give l(-2).
-5
Let q(g) be the first derivative of -g**4/24 + g**3/2 - 28*g**2 - 14. Let r(p) be the second derivative of q(p). Give r(6).
-3
Let n(g) = -3*g + 59. Let o(s) = 20*s**2 - 36*s - 35. Let v be o(-1). Give n(v).
-4
Let l(o) = -27*o**2 + 78*o + 460. Let b(w) = 5*w**2 - 16*w - 92. Let g(y) = -11*b(y) - 2*l(y). Calculate g(24).
-4
Suppose 17 = 4*q - 7. Let l(k) = -q*k**2 + 17 - 18 - 6*k**2 + 9*k**2. What is l(2)?
-13
Let g(c) = -c**3 + 43*c**2 - 84*c + 80. Suppose -95*l = -4396 + 501. Determine g(l).
-2
Let v(q) = -8*q. Suppose b - 12 = 6. Suppose 26*i - b*i - 16 = 0. Determine v(i).
-16
Let j(v) = 2*v + 4*v**3 - 7*v**2 - 4*v - 4 - 2 - 2*v**3. Let o(i) = 2*i**3 - 7*i**2 - 2*i - 7. Let y(s) = 4*j(s) - 3*o(s). Calculate y(4).
5
Let l(m) = 154*m**2 + m**3 + 11 - 147*m**2 + 15*m - 6*m. Let y be l(-5). Suppose -3*k - 2*u = -0*u - 12, 2*k = -4*u + y. Let f(d) = 4*d - 2. What is f(k)?
6
Let s(l) = 1 - 13 + 28*l + 3 - 4 - 38*l - l**2. What is s(-9)?
-4
Let o(m) be the second derivative of -m**4/12 - 5*m**3/2 - 13*m**2/2 + 571*m. Calculate o(-8).
43
Suppose 1 = -4*l + 3*g - 13, -5*l - g = 8. Let j(u) = 5*u + 2 + 1298*u**2 - 2585*u**2 - 2*u + 1291*u**2. Determine j(l).
12
Let a = -263 + 259. Let o(g) = -1. Let x(c) = -c**3 - 5*c**2 - 4*c - 5. Let i(j) = o(j) - x(j). What is i(a)?
4
Suppose -105*v = -109*v + 76. Let s(h) = -33*h + v + 16*h + 18*h. Give s(-17).
2
Let d(f) = -2*f - f**2 - 1 + 6 + 7 - 15. Let i be d(-6). Let z = i - -29. Let t(c) = c - 4. Give t(z).
-2
Let i(v) be the third derivative of -5*v**4/24 - 5*v**3/3 + 2*v**2. Let s(m) = -m**3 + m**2 + 298*m + 1340. Let k be s(-5). What is i(k)?
-10
Suppose -663 = 34*s - 17*s. Let l(c) = -2*c**2 - 80*c - 73. Give l(s).
5
Let y be (-11)/(11/(-6)) + -1. Suppose -v = -0*v + y. Let n = v - -6. Let a(t) = 4*t**3 - 2*t**2 + 1. What is a(n)?
3
Let t(y) = 9*y**2 - y + 1. Let n(c) = 13*c - 3. Let r be n(2). Let d be (173/(-10) - (-48)/160) + -5. Let u = r + d. Calculate t(u).
9
Let t(b) = -b**3 - 8*b**2 + 8*b - 1. Suppose 132 = 46*z - 2*z. Suppose -18*o - 41 = -14*o + c, -z*o - 4*c = 47. Determine t(o).
8
Let r(c) = -8*c - 61 + 5*c**3 + 9*c - 6*c**3 + 16. Determine r(0).
-45
Let n(a) = 13*a**3 - a**2 + 6*a + 1. Suppose 0 = j - 6 - 7. Let q(f) = 4*f**2 + 3*f - 5*f**2 + f + j*f**3 + 1 + f. Let c(t) = 4*n(t) - 5*q(t). Calculate c(-1).
14
Let g(x) = -4 - 12 - x + 14 - 3 - 20. What is g(-22)?
-3
Let j(f) = 42*f - 3. Let u(n) = 35*n - 2. Let t(i) = 6*j(i) - 7*u(i). Give t(-4).
-32
Let p(b) = -b**3 + 14*b**2 - 11*b - 24. Let t be 1/(28/21) + 49/4. Calculate p(t).
2
Suppose -2*l - k = -19, 3*k - 8*k + 14 = l. Let y(n) = -n**3 + 9*n**2 - 3*n + 12. What is y(l)?
-15
Let u(o) = o**2 - 6*o + 4. Let n(m) = -11*m + 6. Let b be n(5). Let j = b - -52. Suppose -2*t = 4*p - 12, 12 = j*p + p - 3*t. Determine u(p).
-5
Let i(b) = 6*b**2 + 12*b - 2*b**2 - 3*b**2 + 15. Let x be i(-11). Let t(l) = 21*l - 71. Let a(u) = 5*u - 16. Let g(v) = 9*a(v) - 2*t(v). Calculate g(x).
10
Suppose 3*y + 2 = -2*q, -4*q - y - 6 = -6*q. Suppose c + 5*j = j - 8, c = q*j + 16. Suppose c*w = 7*w + 1. Let u(f) = 7*f**2. Determine u(w).
7
Let h(g) be the second derivative of g**5/4 - g**4/3 + 5*g**3/6 - 2*g**2 - 674*g + 2. What is h(3)?
110
Suppose -26